 -b - 3 + 4 - b**2 + 1. Calculate v(k).
-4
Let q be ((-3)/3 - -3)*-1. Let t(f) be the second derivative of 0 + 1/2*f**2 + 1/2*f**3 + f + 1/12*f**4. Give t(q).
-1
Let b(d) be the third derivative of -d**6/120 + d**5/15 - 5*d**4/24 + d**3/2 - 17*d**2. What is b(3)?
-3
Let y(k) = 7*k**3 + k**2 - 2*k + 1. Suppose -5*g + 2*g = -12. Suppose g*o - 2 = 2*o. Determine y(o).
7
Let a = -43 + 36. Let x(g) = -g**2 - 7*g. What is x(a)?
0
Let p(d) be the first derivative of 3 + 1/2*d**2 - 3*d. Determine p(-3).
-6
Suppose -39 = 3*j - 3*y, -2*j + 3*y = 3*j + 55. Let a(x) = -x**3 - 7*x**2 + 7*x - 9. Give a(j).
-1
Let u be 2 + -4 + 9 - (0 + -1). Let z(n) = -n + 13. Determine z(u).
5
Let c(v) = -3*v + 30 - 57 + 4*v + 25. What is c(-6)?
-8
Let a(y) be the third derivative of -y**6/120 - y**5/60 - y**4/24 + 2*y**3 + 28*y**2. What is a(0)?
12
Let c(x) = x + 12 - 11 + 5*x**3 + 4*x**2 - 4*x**3. What is c(-3)?
7
Let f(j) be the first derivative of -j**3 + j**2 - j + 2. Let i be f(1). Let z(q) = -4*q - 3. Determine z(i).
5
Suppose -3*q + 6 = -0. Let g(b) be the first derivative of -11*b**2/2 - 6*b - 2. Let p(l) = -10*l - 5. Let z(s) = -6*g(s) + 7*p(s). Give z(q).
-7
Let r(x) be the second derivative of -x**5/20 + 5*x**4/12 - x**3/3 - x**2 + 11*x. Give r(4).
6
Let m(o) be the first derivative of -o**2/2 + 6*o - 1. Calculate m(0).
6
Let t(n) = -n + 1. Let s be (-1008)/192 + (-5)/(-4) + -1. Calculate t(s).
6
Let u(m) = -2*m**3 + 3*m**2 - 5*m + 6. Let a be u(2). Let s(f) = -f**2 - 8*f + 9. What is s(a)?
9
Let c(b) = -b**3 - 5*b**2 - 4*b - 3. Suppose 4*g - 12 = 7*g. What is c(g)?
-3
Let t(f) = -3*f + 5*f - 3*f. Let q be t(-5). Let a(l) = l. Give a(q).
5
Let y(u) = u**2 + 6*u + 6. Let o be y(-5). Let q(h) = -2*h - 1. Calculate q(o).
-3
Let m = 1 - 1. Suppose f = -m*f. Let i(y) = f*y - 5*y + 5 + 4*y. Determine i(4).
1
Let u(g) = -4*g + 1. Suppose 0 = -2*k + 6, 4*k = x - 6 + 16. Suppose 4*y - 9 = -2*w - 3*w, -y - x = -3*w. Give u(w).
-3
Let p(y) = 3*y - 7. Let f be ((-27)/(-6) + -4)*16 - 3. Determine p(f).
8
Suppose 2*s = s + 3. Suppose s*h - 16 = -2*h - w, -2*w = -2. Let p(t) = -t**2 + t**3 + 5*t - t**2 - 3 - 3*t**2. Give p(h).
-6
Let a(j) = 1 - j**2 + 1 - 7*j - 1 + 4*j. Give a(-2).
3
Let y(p) = 2*p - 9. Let a be y(7). Suppose w = -0*b - 3*b - 9, -3*w + a = b. Suppose -w*h = h. Let x(z) = -z**3 + z**2 - 9. Give x(h).
-9
Let o(f) be the second derivative of f**3/2 - 3*f**2 - f. What is o(4)?
6
Let z(l) = -l**2 - 3*l + 9*l + 2*l**2 - 1. Let q = -23 + 18. Determine z(q).
-6
Let g be ((-18)/6)/((-3)/17). Suppose x = -4, -5 = f - 3*x - g. Let n(q) = f - 1 + q**2 + 3*q + 8 + 5*q. Determine n(-5).
-8
Let o(w) = w**2 + 7*w + 3. Let r(u) = u**3 - 11*u**2 + u - 16. Let s be r(11). Determine o(s).
-7
Let k(w) = -w**2 + 4*w + 8. Let c be k(6). Let a(q) be the first derivative of -q**2 - 2*q + 103. Determine a(c).
6
Suppose 0 = -2*m + 6*m - 12. Let s(y) = -3*y + 2*y**2 + 2*y**3 + y - y**m. Suppose 4*v + 3 = 3*v. Calculate s(v).
-3
Let d(f) be the third derivative of f**4/24 + f**3/6 + f**2. Let n(m) = m + 4. Let y be n(0). Suppose 3*c + 5 + y = 0. Give d(c).
-2
Let o = 8 - 6. Let d(z) = -15*z**2 + 13*z**2 + 0*z + 4 + o*z. Give d(3).
-8
Suppose 3*y - 5*y = 20. Let g(u) = -u**3 - 9*u**2 + 8*u - 13. Let i be g(y). Let t(c) = -c**2 + 7*c + 5. Determine t(i).
5
Let h(y) be the first derivative of y**6/120 - y**5/15 + y**4/12 - y**3/3 - y**2/2 + 4. Let j(r) be the second derivative of h(r). Determine j(3).
-5
Let r = -42 + 41. Let f(y) = 5*y + 1. What is f(r)?
-4
Let h be 4*1/2 - -1. Suppose -h*a + 2*a = -2*b - 6, b - 15 = 5*a. Let j(t) be the first derivative of -2*t**3/3 - 3*t**2 - 2*t + 1. Give j(a).
-10
Let x(k) = 8*k - 3. Let c(w) = -7*w + 3. Let d(o) = 6*c(o) + 5*x(o). Calculate d(6).
-9
Let i(u) = 3*u**2 + 4 - 2 - 4*u**2 - u. What is i(-2)?
0
Let t(p) = -3*p + 0*p + p**3 + 0*p + 3*p**2 + 4. Suppose 0 = 3*x - 4*s - 0*s + 32, 5*x + 4*s = 0. Let c be t(x). Let h(u) = u**2. Give h(c).
0
Suppose 8 = x + 2*j + 2, 0 = -4*x - j - 11. Let q(k) = -k**2 - 6*k - 4. Give q(x).
4
Let f(p) = p**2 + p. Let v be (-2)/2 - (-3)/(5 - 4). Determine f(v).
6
Let g(w) = w + 5. Let u be (-18)/12 - (-1)/2. Let b be (-1)/2 - 117/6. Let p be u/5 + 96/b. Give g(p).
0
Suppose -2*k = 3 + 3. Let d = k + 5. Let j(q) = -7*q + 1. What is j(d)?
-13
Let v(o) be the second derivative of o**3/2 + o**2 - 21*o + 2. Determine v(-2).
-4
Let y(q) be the first derivative of -4*q**2 - 3*q - 3. Calculate y(-2).
13
Let a(n) be the first derivative of -n**3/3 - n**2/2 + 5*n + 3. Give a(-4).
-7
Let x(y) = 3*y + 7. Let h(s) = -2*s - 4. Let v(c) = 5*h(c) + 3*x(c). Let t(j) = j**3 - 5*j**2 + 2*j - 5. Let g be t(5). Give v(g).
-4
Let h(p) = -p**2 + 7*p - 7. Let c be h(5). Let o(x) be the third derivative of -x**6/120 + x**5/30 + x**4/24 - 5*x**2. Calculate o(c).
-6
Let b(p) = -2*p**2 + 4*p - 4. Let x(d) = d**2 - 5*d + 5. Let v(o) = -5*b(o) - 4*x(o). Let h(t) = -t**3 + 6*t**2 - 5*t - 1. Let s be h(5). What is v(s)?
6
Let w(t) = 3*t. Let u = 7 + -5. Suppose 5*i - 7 = 2*q, -2*q = -2*i - 6*q - u. Determine w(i).
3
Let g(p) = 7*p**3 - 2*p**2 + 2. Let b(l) = -l**3 + l**2. Let o(c) = 6*b(c) + g(c). Calculate o(-3).
11
Let n(d) = -d + 5. Let l be n(3). Let r(k) = k + 251*k**l + 3 - 6*k - 250*k**2. Let b(j) = j + 8. Let o be b(-5). Determine r(o).
-3
Let n(r) = -2*r. Let h be n(-1). Let d(p) = -2 + 1 - p**h + 0 - p + 8*p**3 + 0. Let b = 1 - 2. Calculate d(b).
-9
Let m(n) be the second derivative of -n**3/6 + 3*n**2/2 + 8*n. Determine m(7).
-4
Suppose 2 = 4*b + 14, 3*d + 5*b = 48. Let p = d - 15. Let v(y) = y + 1. What is v(p)?
7
Let l(a) be the first derivative of -a**4/2 + 2*a**3/3 - a**2/2 + a - 26. What is l(2)?
-9
Let i = -11 + 17. Let v(q) = -5*q + 10. Let w be (8/(-12))/(2/(-9)). Let z(d) = 4*d - 10. Let y(l) = w*v(l) + 4*z(l). What is y(i)?
-4
Let m = 11 + -11. Suppose 4*i = m, k + i = -i + 2. Let b(h) = 2*h - 3. Calculate b(k).
1
Let y(v) = v**3 - 4*v**2 - 6*v + 5. Suppose -2*i + 22 = 4*x, -i - i + 4 = -2*x. Give y(i).
0
Let l(c) = c**3 - 7*c**2 + 6*c + 1. Let o = -43 - -49. Give l(o).
1
Let s be (-21)/(-35)*(-1 + 6). Suppose n + 2*n + 4*j + 29 = 0, -4 = s*n - j. Let y(p) = p - 1. Determine y(n).
-4
Let y be (0 - -1)/((-2)/4). Let q = -2 - y. Let w = q + 3. Let r(g) = g**2 - 4*g + 4. Determine r(w).
1
Let c = 18 - 13. Let g(v) be the third derivative of 1/3*v**3 + 0*v + 2*v**2 - 5/24*v**4 + 0 - 1/60*v**c. Determine g(-4).
6
Let o be 1/((-21)/(-18))*7. Let b = o + -10. Let h(a) = a + 5. Let q(g) = g. Let k(p) = -h(p) - q(p). Give k(b).
3
Let l(i) = 6*i - i**2 + 0*i - 2*i**2 + 2*i**2. Let z = -12 + 17. Determine l(z).
5
Let o(a) = -a**2 + 10*a + 6. Let m(p) = -2*p**2 + 19*p + 12. Let l(w) = -3*m(w) + 5*o(w). Determine l(6).
-12
Let y(v) = -v**3 + 5*v**2 - 5. Let b be 6 - (-3 - (4 + -8)). Determine y(b).
-5
Let t(v) = -2*v**2 + 3*v. Let z = 14 + -12. Suppose -z*l + 12 = 2*l. What is t(l)?
-9
Let m(b) = -b + 9. Let l be m(7). Let f(x) = x**2 + l*x + 2*x - x - 1. Let i be (-14)/3 + (-8)/(-12). What is f(i)?
3
Let b(c) = -c**2 + c + 1. Suppose j = 5*j + 2*w, -2*j - 2*w + 2 = 0. Give b(j).
-1
Let z(o) = 2*o**2. Suppose d + 1 = -2*s, 7 = -s - 3*s + 3*d. Determine z(s).
2
Let s(j) = -2*j**2 - 5*j. Let h(z) = -3*z**2 - 4*z + 1. Let a(q) = -3*h(q) + 4*s(q). Determine a(8).
-3
Let k(z) = 2*z - 4. Let g be k(5). Let j(r) = -r + 10. Give j(g).
4
Let a = -15/136 - -4/17. Let p(g) be the third derivative of 0*g + a*g**4 - 1/6*g**3 - 2*g**2 + 0. What is p(-2)?
-7
Let c(g) be the third derivative of g**4/24 + g**3/6 - g**2. Let t be c(3). Let a(f) = f - f**3 + 4 + 2*f**2 + 0*f + f**2. Calculate a(t).
-8
Let r(b) = -5*b - 1. Suppose 4*v = 8*v - 8. Give r(v).
-11
Let f = -6 + 4. Let h = 5 + f. Let x(b) be the third derivative of -b**4/24 + 2*b**3/3 + 2*b**2. Determine x(h).
1
Let a(p) be the first derivative of p**2/2 - 3*p - 29. Suppose 0*x = x + 5, -3*u = 3*x + 15. Suppose u = 3*l - 4*l - 4. Calculate a(l).
-7
Let u(i) = -i**3 + i**2 + i + 1. Suppose -2*y = -3 - 3, -5*g = 4*y - 37. Let r(d) = -6*d**3 + 10*d**2 + 5*d - 2. Let p(w) = g*u(w) - r(w). Determine p(5).
7
Suppose 5*r + 5 = -25. Let z(a) = -a - 1. Give z(r).
5
Let r(o) = o**2 + 1. Let c(p) = -p**2 - 15*p - 12. Let l be c(-14). Suppose -6*y + 4*y = -l. Determine r(y).
2
Suppose -2*g - g = 0. Let y 